 the prime factors of s(u).
3
Let x(q) = -q**2 + 4*q + 5. Let n be x(5). Suppose 16 = i + 4*t, i = -5*t - n*t + 17. List the prime factors of 18/i + 22/4.
7
Suppose 8*p - 3*u = 3*p + 17, 14 = -2*p - 4*u. Let x be (4 - 1)/(p/1). Suppose 10 = -2*f, -4*i - x*f + 35 = i. What are the prime factors of i?
2, 5
Let m(b) = b**3 - 9*b**2 + 8*b + 7. Let r be m(8). Let f be (-2)/(-3 + 1) + r. List the prime factors of ((-7)/(-2))/(2/f).
2, 7
Let i be (0 + 10)*7/14. Let j(h) = -h + 5. Let y be j(8). Let d = y + i. List the prime factors of d.
2
Let z = 11 + -8. Suppose 0*o - m - 76 = -3*o, z*o = -4*m + 101. Let t = o + -15. What are the prime factors of t?
2, 3
Suppose 0 = 23*z - 13*z - 250. List the prime factors of z.
5
Let x be (2 - 3) + (1 - -3). Let k(r) = -r**x + 3*r + 0*r**3 + 6 - 2*r. What are the prime factors of k(0)?
2, 3
Let i = -5 - -9. What are the prime factors of (11 - i) + -1*2?
5
Let f = 4 - -1. Suppose j + 16 = f*j. Suppose 0 = j*u - 2*u - 12. List the prime factors of u.
2, 3
Let a(x) = 29*x**3 - 3*x**2 - 8*x + 8. Let u(n) = -10*n**3 + n**2 + 3*n - 3. Let s(k) = -4*a(k) - 11*u(k). What are the prime factors of s(-2)?
5, 11
Let x(o) = o**2 + 2*o - 28. Let g be x(0). Let i = 47 + g. List the prime factors of i.
19
Let b(f) = f**2 + 8*f + 9. What are the prime factors of b(-12)?
3, 19
Let t = 72 - 48. Suppose -2*q + q = -t. Let j = -6 + q. What are the prime factors of j?
2, 3
Suppose 4*m = 5*m + x, -5*m - 4*x + 2 = 0. What are the prime factors of m?
2
Let b(p) = p**3 + 2*p**2 - 2*p. Let f be b(-2). Suppose 0 = -2*s + 3*x - 3, -2*x + 18 = f*s - 0*s. List the prime factors of s.
3
Let j(a) = a**3 + 5*a**2 + 3*a - 1. Let r be j(-4). Suppose -b = r*h - 4*h + 6, -3*h + 22 = -2*b. List the prime factors of h.
2, 5
Suppose -368 = -5*i + 1447. List the prime factors of i.
3, 11
Suppose 0 = -13*x + 6*x + 2128. What are the prime factors of x?
2, 19
Let z(v) = -v - 1. Let f be z(0). List the prime factors of ((-6)/(-2) - 8)*f.
5
Let p = -64 - -19. Let i = p + 26. Let s = -11 - i. List the prime factors of s.
2
Let v = 27 - 4. What are the prime factors of v?
23
Suppose -5*w - 72 = -3*t, -5*t + w + 17 = -125. Suppose -5*q + 119 = t. List the prime factors of q.
2, 3
Let z(o) = -5*o + 6. Let d(f) = -4*f + 5. Let u(j) = 4*d(j) - 3*z(j). Let p be u(6). List the prime factors of p/22 - 276/(-66).
2
What are the prime factors of 1/(260/(-88) - -3)?
2, 11
Suppose -4*q + 12 = 0, -2*w + q + 1 - 6 = 0. Suppose -3*l - 2*s = -3*s - 21, -33 = -4*l + 3*s. List the prime factors of (w*4)/((-2)/l).
2, 3
Let p(u) = u**3 - 5*u**2 - 2*u - 1. Suppose -2*y + 7*l = 3*l + 6, 4*y = l + 16. Let q be p(y). Let f = -7 - q. List the prime factors of f.
2
Suppose -7*q + 6*q + 36 = 0. Suppose -3*m - q = -3*y - 6*m, 4*m - 65 = -5*y. List the prime factors of y.
17
List the prime factors of 15/(-25)*-5 - -168.
3, 19
Let b(a) = -5*a**3 + 11*a**3 - 3*a**2 - 5*a**3. List the prime factors of b(4).
2
Let c = 77 - 35. What are the prime factors of c?
2, 3, 7
Let u = 3 + -2. Suppose 9 + 8 = g. What are the prime factors of g - (-1 - u)*1?
19
Suppose 0 = -v - a + 91, 2*v - 2*a = -5*a + 178. List the prime factors of v.
5, 19
Let x(o) = -5*o - 2. Let z be (-50)/(-8) + 1/(-4). Let k(s) = -6*s - 2. Let d(w) = z*k(w) - 7*x(w). What are the prime factors of d(0)?
2
Let s be -3 - -2 - (-1 - 5). Suppose -3*r - 5*b = -18, 0*r + s*b = 5*r - 70. What are the prime factors of r?
11
Let y(j) = 3*j**2 - 5*j - 4. Let a be y(4). Suppose 2*v - a = -4*t - 0*t, 28 = 3*v + 4*t. What are the prime factors of (v/(-8))/((-2)/44)?
11
Let g(f) = -f**2 + 7*f - 6. Let b be g(5). Suppose -b*c + c = -12. Suppose 0 = 5*v - c*q - 56, 5*v - q = -4*q + 28. List the prime factors of v.
2
Suppose -3 = y - 6. List the prime factors of (9 + y)*(-2)/(-4).
2, 3
Let i(z) = -z**3 - 4*z**2 + 2*z - 3. Suppose -4*n - 4*b - 6 = -46, 0 = -5*n + 2*b + 15. Suppose n*y + 17 = -8. List the prime factors of i(y).
2, 3
What are the prime factors of (-30)/(-70) + (-179)/(-7)?
2, 13
Let u(f) = -f**3 - 7*f**2 - 2*f + 6. Let k be u(-7). Suppose -3*r = r - k. What are the prime factors of (r - 0)*18/15?
2, 3
Let j = 5 - 1. Let p(b) = -2*b. Let d be p(-1). Suppose 22 + 16 = d*h - j*n, -h = 3*n + 1. What are the prime factors of h?
11
Suppose -5*w - 3*p + 4 - 25 = 0, 0 = -2*w + 3*p. List the prime factors of (-3)/2*16/w.
2
Suppose j - 3 = -5. Let o(v) = v - 2*v - 1 + 2*v**2 + 0. List the prime factors of o(j).
3
Let c be -1 - 0*2/(-4). Suppose -5*u + 2*a = a + 14, -5*u - 3*a = -2. What are the prime factors of (u - -4 - 9)*c?
7
What are the prime factors of (-3)/15 - 906/(-30)?
2, 3, 5
Let z = 373 - 179. What are the prime factors of z?
2, 97
Suppose 4*u = u + 42. Suppose 2*i = -m + 13, i - 5*m + 3*m - u = 0. List the prime factors of i.
2
Suppose -4*i + 3*t = -0*t - 141, -5*t + 5 = 0. Suppose l = 5*l - i. Suppose -4*v + 22 = 3*n, 0*n + 3*v = -n + l. List the prime factors of n.
2, 3
Suppose 1 = v + 3. What are the prime factors of ((-68)/v)/(-2 + 4)?
17
Suppose j - 30 = -3*i + 10, -2*j + 3*i + 35 = 0. What are the prime factors of j?
5
Suppose -w = -4*w. Suppose -t + w*t = -7. What are the prime factors of t?
7
Let u(o) = o**2 + 4*o + 1. Let c be u(-3). Let f = 4 + c. Suppose w + f*r = 3 - 1, 0 = 5*r + 10. List the prime factors of w.
2, 3
Let h = -14 + 12. Let o be 2 + (-6)/2 + -20. What are the prime factors of (h/6 - 0)*o?
7
Let z(t) = 29*t**2 + 1 + t**3 - 1 - 10*t - 23*t**2 - 1. What are the prime factors of z(-7)?
2, 5
Suppose a = -a - 4. Let q = a + 2. Let y = 12 + q. What are the prime factors of y?
2, 3
Suppose 140 = -4*u - 0*u. Let g be 3 + u - -1 - 1. Let h = -18 - g. List the prime factors of h.
2, 7
Let o(j) = -j**3 + 2*j**2. Let y be o(2). Let k = 5 + -5. List the prime factors of (k - y) + (-24)/(-3).
2
Suppose -w + 2*a - 11 = 0, -19 = 2*w + 2*a - 3. Let i be (11 + w)*3/2. Suppose i*n - 105 = -2*n. List the prime factors of n.
3, 7
Suppose 0 = -10*i + 6*i + 268. List the prime factors of i.
67
Let v(z) be the third derivative of -z**4/6 - z**3/2 + 3*z**2. List the prime factors of v(-4).
13
Suppose -u + 0 = -3. Suppose -4*g + 34 = 3*q, 2*q + 10 = 3*q + 2*g. Suppose -u*v + v = -q. What are the prime factors of v?
7
Suppose 2*f - 20 = -2*a, -3*a - 10 = -a - 4*f. Suppose 0 = -o + a*o - 40. List the prime factors of o.
2, 5
Let s(n) = 156*n + 7. What are the prime factors of s(1)?
163
Let t = 103 + -62. Suppose 2*y = -5*j + t, -j - 2*j + 17 = 5*y. List the prime factors of j.
3
Suppose 5*d - 2*d = -18. Let l = d + 15. List the prime factors of l.
3
Suppose 2*y + 2*d - 4 = 4*d, -4*d + 10 = 5*y. Suppose 0 = 2*v + k + 42, -5*v - y*k - 105 = -5*k. List the prime factors of ((-14)/v)/(2/39).
13
Let x = -10 + 10. Suppose x = -2*f + 122 + 4. Suppose 7*z = 4*z + f. List the prime factors of z.
3, 7
What are the prime factors of ((-4)/8)/1*-56?
2, 7
Let c(t) = t**3 - 4*t**2 + 3*t - 1. Let b be c(4). Suppose 2*f - 65 + b = 0. List the prime factors of f.
3
Let g(s) = -3*s - 8. Let z = -2 + 2. Suppose 4*h + 24 = -z*h. What are the prime factors of g(h)?
2, 5
Let x = -5 - -14. What are the prime factors of 12*(-2 + x/3)?
2, 3
Suppose -10 - 8 = 2*s. What are the prime factors of -2 - -3 - 2 - s?
2
Let b = -14 + 25. List the prime factors of b.
11
Let z(l) = l**3 + 4*l**2 - 2*l**2 - 4*l - 4 - 3*l**2 + 7*l**2. Suppose 2*n + 6 + 12 = -2*q, 2*q + n = -15. List the prime factors of z(q).
2, 5
Suppose -n - 5*g = -54, 25 = n - g - 17. What are the prime factors of n?
2, 11
Suppose 5*y - 663 = -3*p, 0*y - 2*p = -y + 143. List the prime factors of y.
3, 5
Let v(q) = -q**3 + 6*q**2 - q - 7. List the prime factors of v(5).
13
Let l = 151 - 40. What are the prime factors of l?
3, 37
Let p = 587 - 363. List the prime factors of p.
2, 7
Let z = 2 + -2. Suppose z = g + v - 0*v - 3, 3*g - 3*v = -21. What are the prime factors of (-530)/(-45) - g/9?
2, 3
Let r be 16/(-20)*15/(-3). Suppose 4*n = 2*y + 24, y = -0*y + r. List the prime factors of n.
2
Let z(f) = -11*f**2 + 24*f - 27. Let h(b) = 7*b**2 - 16*b + 18. Let m(k) = 8*h(k) + 5*z(k). Let a be m(7). Let i = a + 1. What are the prime factors of i?
3
Let k(q) = 12*q**2 - 2*q. Let p be k(2). Suppose 2*z + r = p, -3 = r - 7. What are the prime factors of z?
2, 5
Let s(p) = -p**3 - 5*p**2 + 7*p + 6. Let o 